 = 3*c - 11. Let s = -1 - -5. Calculate the highest common factor of n and s.
4
Suppose 3*k = -3*n + 6, -3*k - 2*n = -6*k + 11. Let h be (-1)/(-4)*(-12)/(-3). Let s be 105 - (-1 - (h - k)). What is the greatest common factor of 13 and s?
13
Let w(n) = -17*n - 17. Let v be w(-3). What is the highest common divisor of 17 and v?
17
Suppose 0 = 8*k - 6*k - 18. Suppose 0 = -3*f + k*f + 6. Let n be (-9 + 10)/(f/(-11)). Calculate the highest common divisor of 99 and n.
11
Let s(f) = f**3 - 13*f**2 + 11*f + 1. Let k be s(12). Let a = 45 + k. Let v = -6 - -23. What is the greatest common divisor of v and a?
17
Let z(l) = -17*l + 119. Let w be z(-11). Calculate the greatest common divisor of 18 and w.
18
Suppose 5*c = -f + 87, -74 = 2*c - 6*c - 3*f. What is the greatest common factor of c and 17?
17
Let a = 108 + -93. Calculate the greatest common factor of 30 and a.
15
Let u be (80/32)/((-10)/(-24)). Calculate the greatest common divisor of u and 66.
6
Let u be 37 + -3 + -5 - 4/2. Let w = 93 + u. Calculate the greatest common factor of w and 20.
20
Let g be (-9 - -2) + 44 - -2. Suppose 0*t + 13 = -t. Let m be (-2)/(-1) + -2 - t. What is the greatest common factor of m and g?
13
Let w be (-10 + 466/(-4))*-4. Calculate the highest common factor of 22 and w.
22
Suppose -20*i + 33*i - 2184 = 0. Calculate the greatest common divisor of 24 and i.
24
Suppose -s + 92 = n, 6*s = s + n + 436. Calculate the highest common divisor of 16 and s.
8
Suppose -912 - 744 = -24*w. What is the highest common divisor of w and 253?
23
Suppose -34 + 86 = 13*s. Suppose -s*h - i + 157 - 47 = 0, -h + i + 25 = 0. Calculate the highest common divisor of h and 18.
9
Let l = 65 - 63. Suppose -l*d - 450 = -7*d. Calculate the greatest common divisor of 135 and d.
45
Let q = 4810 + -2370. What is the greatest common divisor of q and 122?
122
Let y(x) = -2*x**2 + 26*x + 33. Let k be y(9). What is the greatest common factor of 147 and k?
21
Let h be 8/(-2) + (-80)/(-5). Let p be h/(-21) + (-2376)/(-42). What is the greatest common factor of p and 14?
14
Let y(i) = -i**2 + 3 + 5 - 4 + i**3. Let w be y(4). Calculate the greatest common divisor of 26 and w.
26
Suppose t - 8 = -t. Suppose t*l = 3*c + 2, -3*c - l + 1 = -7. Suppose 0 = n - 2, -3 = -3*s + n + c*n. Calculate the highest common divisor of s and 3.
3
Let m = 2164 - 311. What is the greatest common divisor of 17 and m?
17
Let b be 22/(-5)*(9 + 231)/(-12). What is the greatest common factor of b and 220?
44
Suppose 5*o - 931 + 181 = 0. Let m(k) = 80*k - 2850. Let u be m(36). Calculate the highest common divisor of u and o.
30
Suppose 28819 = 28*z - 14329. Calculate the greatest common factor of z and 134.
67
Let v = -493 + 505. Suppose 0 = j - 3*j - 3*r + 33, -j + 2*r = -6. What is the highest common factor of j and v?
12
Let z(n) = n**3 + 22*n**2 + 53*n + 3. Let v be z(-8). What is the greatest common divisor of v and 125?
25
Let r = 613 + -577. Calculate the highest common factor of r and 132.
12
Let y = 38 + 81. What is the greatest common divisor of y and 34?
17
Suppose 3*c + 2*a + 14 = 5*c, -5*c + 3*a + 29 = 0. Suppose c*t + 11 = g, 26 = 4*g - 3*t - 5. What is the highest common factor of 63 and g?
7
Suppose 5*q - 7 = 8. Suppose 4*d + 8 = 12. Let s be q - (0/(-2))/d. Calculate the greatest common divisor of s and 1.
1
Suppose 242*m = 245*m - 18. Calculate the highest common divisor of m and 16.
2
Suppose 3*l + 2*q - 4*q = 36, 0 = -l - 4*q + 12. Let y be 27/15 + (-4)/(-20). Suppose -y*g + l = -2. Calculate the greatest common divisor of 56 and g.
7
Let t be -502*(-1)/2 - -2. Suppose -2*m + 0*m + 5*z + t = 0, 0 = 2*m + 4*z - 226. Calculate the greatest common divisor of 17 and m.
17
Let v = 92 - 76. Suppose 8 = -2*y, -5*y + 4*y - 28 = -m. What is the greatest common factor of m and v?
8
Let w be 36/(-6) + 1224/4. What is the highest common divisor of w and 60?
60
Let h(t) = -2*t**3 - 9*t**2 - 16*t + 3. Let o be h(-4). What is the highest common factor of o and 561?
51
Suppose 3*s - 5*o - 1 - 1 = 0, 2*o = -3*s + 37. Let x(a) = a**2 + 3*a + 11. Let g be x(-11). Calculate the greatest common factor of s and g.
9
Let c = 630 - 486. Calculate the greatest common factor of 9 and c.
9
Let w(v) = 4*v**2 + 4*v - 23. Let z be w(4). Let q = 70 - z. Suppose -2*a + 56 = -178. Calculate the greatest common factor of q and a.
13
Suppose 2*w = -10, 4*f + 4*w = 74 + 74. Suppose 0 = p + 4*p - 70. Calculate the highest common factor of f and p.
14
Let r(f) = f**2 - 27*f + 29. Let w be r(28). Calculate the greatest common divisor of 38 and w.
19
Let b be (-1)/(-3)*(-51)/1. Let s = b - -33. Calculate the highest common factor of 176 and s.
16
Let y = 4 + -5. Let u = y + 1. Suppose u = -z + 31 - 7. Calculate the greatest common divisor of 16 and z.
8
Let d be (-282)/(-329) - (-1164)/14. What is the greatest common factor of d and 77?
7
Let o(x) = x**3 - 7*x**2 + 5*x + 3. Let q be o(4). Let w = q - -41. What is the greatest common factor of 128 and w?
16
Let j = 247 - 214. What is the greatest common divisor of j and 231?
33
Suppose 0 = 5*l + 25, -4*w = -3*l - l - 48. What is the highest common divisor of w and 21?
7
Let u = 556 - 547. Let w = 13 - 7. Calculate the highest common divisor of u and w.
3
Let p(l) = l + 66. Let r be p(6). Calculate the greatest common factor of 9 and r.
9
Let h(d) = d**2 + 23*d + 94. Let z be h(-19). What is the greatest common factor of z and 99?
9
Let l(o) = 29*o - 51. Let u be l(3). Calculate the greatest common divisor of u and 84.
12
Suppose -3*i = 5*b - 1, -3*i + 3*b + 27 = -6. Let f = -9 - -11. Suppose -n = f - 3. Calculate the greatest common divisor of i and n.
1
Let f(q) = -q**3 - 3*q**2 - 3*q - 1. Let y be f(-3). Let u be (24/(-21))/(6/(-42)). What is the greatest common factor of y and u?
8
Let a be 12/2*(-1)/(-2). Suppose -2*r + 21 = -a*y, 0*r - 2*y + 25 = 3*r. Calculate the highest common divisor of 72 and r.
9
Let t(k) = k**3 - 5*k**2 - 125*k + 16. Let g be t(-9). What is the highest common divisor of 1085 and g?
7
Let j = -41 - -41. Suppose -5*f = -j*f - 210. Suppose -12 + 152 = 5*u. Calculate the greatest common divisor of f and u.
14
Let a(m) = 4*m**2 - 6*m + 5. Let y be a(4). Suppose 0 = 7*j - 13*j - 6. Let b be (-595)/(-20) + j/(-4). Calculate the highest common divisor of y and b.
15
Let i(b) = b**3 + 3*b**2 - 9*b + 11. Let k be i(3). Suppose 82 = 2*h - k. What is the greatest common factor of h and 20?
20
Let c be (-3)/2*(-72)/54. Suppose 0 = -c*u - b + 71, b + 106 = 3*u + 3*b. Suppose -10*f - u = -12*f. What is the greatest common factor of 9 and f?
9
Suppose -3*s - 30 = -4*s. Suppose 0 = -4*a - h + 26, -6*a + h = -3*a - 16. What is the highest common factor of a and s?
6
Suppose 17*z - 240 = 7*z. Calculate the greatest common divisor of z and 1020.
12
Let c be (-5)/(-3)*-2*-6. Calculate the greatest common divisor of 270 and c.
10
Let n be (-75 - -68)/(2/(-4)). What is the greatest common divisor of n and 28?
14
Let g be (1 - -4) + 43862/(-26). Let r be g/(-10) + 7/(-35). What is the greatest common divisor of 112 and r?
56
Let r be (2958/435)/((-21)/(-10) - 2). What is the highest common factor of r and 1088?
68
Suppose 159*c - 152*c - 525 = 0. What is the greatest common divisor of 3 and c?
3
Suppose 0 = -9*t + 12*t + 393. Let i = -71 - t. What is the highest common factor of 60 and i?
60
Let y = 81 - 55. Let g = 13 + 52. Calculate the greatest common divisor of g and y.
13
Suppose -83*p + 41907 = 2067. Calculate the greatest common divisor of 90 and p.
30
Let v = 542 + -506. Calculate the greatest common factor of 96 and v.
12
Suppose 148*k - 462 = 134*k. What is the greatest common divisor of 44 and k?
11
Let z = 47 + -12. Suppose 40 = 8*a - 0. What is the greatest common divisor of z and a?
5
Let u be 5/((-75)/6) - 4/(-10). Suppose u = -15*g + 214 + 11. Calculate the highest common factor of g and 135.
15
Let p(a) = 2*a**3 - 3*a**2 + 3. Let k be p(3). Let x be k/9*6/4. Suppose x*c + 106 - 1096 = 0. What is the highest common divisor of 22 and c?
22
Suppose -5*c = -2*v + 52, -5*v + 10*c = 15*c - 95. Calculate the highest common factor of v and 1869.
21
Suppose -82187 = -68*m + 7777. Calculate the greatest common divisor of m and 49.
49
Let a(o) = 10*o + 62. Let p be a(-6). What is the highe